{"id":550,"date":"2024-10-10T18:24:15","date_gmt":"2024-10-10T18:24:15","guid":{"rendered":"https:\/\/events.collegesinstitutes.ca\/nies2025\/speakers\/"},"modified":"2025-10-24T03:46:14","modified_gmt":"2025-10-24T03:46:14","slug":"conferenciers","status":"publish","type":"page","link":"https:\/\/events.collegesinstitutes.ca\/NIES2025\/conferenciers\/?lang=fr","title":{"rendered":"Conf\u00e9renciers"},"content":{"rendered":"<section>\n<h2 class=\"mb-5\">Conf\u00e9rencier principal<\/h2>\n<div id=\"michael-fox\" class=\"row boxit2 p-5\" style=\"margin-bottom: 6rem;\">\n<div class=\"col-6 col-lg-4 text-center\"><img loading=\"lazy\" decoding=\"async\" class=\"alignnone size-medium wp-image-955\" src=\"https:\/\/events.collegesinstitutes.ca\/NIES2025\/wp-content\/uploads\/sites\/11\/2025\/09\/michael-fox-ice-300x300.png\" alt=\"\" width=\"300\" height=\"300\" srcset=\"https:\/\/events.collegesinstitutes.ca\/NIES2025\/wp-content\/uploads\/sites\/11\/2025\/09\/michael-fox-ice-300x300.png 300w, https:\/\/events.collegesinstitutes.ca\/NIES2025\/wp-content\/uploads\/sites\/11\/2025\/09\/michael-fox-ice-150x150.png 150w, https:\/\/events.collegesinstitutes.ca\/NIES2025\/wp-content\/uploads\/sites\/11\/2025\/09\/michael-fox-ice.png 500w\" sizes=\"auto, (max-width: 300px) 100vw, 300px\" \/><\/div>\n<div class=\"col-12 col-lg-7 align-content-center\">\n<h3 class=\"mb-0\" style=\"color: #fb4d43;\"><a style=\"text-decoration: none;\" href=\"https:\/\/events.collegesinstitutes.ca\/NIES2025\/conference-speakers\/michael-fox\/?lang=fr\"><b>Michael Fox<\/b><\/a><\/h3>\n<p><b>Pr\u00e9sident-directeur g\u00e9n\u00e9ral, Indigenous &amp; Community Engagement<\/b><\/p>\n<div class=\"keynote-description\">Originaire de la Premi\u00e8re Nation de Weenusk, Michael explorera les obstacles syst\u00e9miques, les in\u00e9galit\u00e9s de financement et les besoins en infrastructures qui ont un impact sur la prestation de l\u2019\u00e9ducation des adultes dans les Premi\u00e8res Nations rurales et \u00e9loign\u00e9es de l\u2019Ontario. Il invitera ainsi les participants \u00e0 repenser la mani\u00e8re dont nous pouvons ancrer l\u2019\u00e9ducation plus fermement dans les principes de la r\u00e9conciliation \u00e9conomique et de l\u2019autod\u00e9termination.<\/div>\n<\/div>\n<\/div>\n<h2 class=\"mb-5\">Table ronde principale<\/h2>\n<div id=\"leading-with-strength\" class=\"row boxit2 p-5\">\n<div class=\"col-6 col-lg-4 text-center\"><img loading=\"lazy\" decoding=\"async\" class=\"alignnone size-medium wp-image-955\" src=\"https:\/\/events.collegesinstitutes.ca\/NIES2025\/wp-content\/uploads\/sites\/11\/2024\/09\/2024-IES-icon-moretocome.png\" alt=\"\" width=\"300\" height=\"300\" \/><\/div>\n<div class=\"col-12 col-lg-7 align-content-center\">\n<h3 class=\"mb-0\" style=\"color: #fb4d43;\"><b>Diriger avec force<\/b><\/h3>\n<h3>Les femmes autochtones en entrepreneuriat<\/h3>\n<div class=\"keynote-description\"><span style=\"font-weight: 400;\">Sous le th\u00e8me <\/span><i><span style=\"font-weight: 400;\">\u00ab Diriger avec force \u00bb<\/span><\/i><span style=\"font-weight: 400;\">, les pan\u00e9listes exploreront la mani\u00e8re dont les femmes autochtones fa\u00e7onnent les voies vers l\u2019innovation et la croissance, et la mani\u00e8re dont leur leadership favorise la r\u00e9silience, la continuit\u00e9 culturelle et le bien-\u00eatre de la communaut\u00e9.<\/span><\/div>\n<\/div>\n<\/div>\n<h2 class=\"mb-5\">Intervenants<\/h2>\n<div class=\"pb-5\">\n<div id=\"speakers\" class=\"row-cols-md-3 justify-content-center\">\n<div class=\"fit-content text-center\">\n<p><a href=\"https:\/\/events.collegesinstitutes.ca\/NIES2025\/conference-speakers\/tia-larocque-graham\/?lang=fr\"><img loading=\"lazy\" decoding=\"async\" class=\"rounded-circle speaker mb-4\" src=\"https:\/\/events.collegesinstitutes.ca\/NIES2025\/wp-content\/uploads\/sites\/11\/2024\/10\/speaker-photo-tia-larocque-graham-final.jpg\" width=\"200\" height=\"200\" \/><\/a><\/p>\n<h3 class=\"fs-5 border-bottom pb-2 mb-2\"><a href=\"https:\/\/events.collegesinstitutes.ca\/NIES2025\/conference-speakers\/tia-larocque-graham\/?lang=fr\">Tia Larocque \u2013 Graham<\/a><\/h3>\n<div class=\"small\">\n<div><strong>directrice de l\u2019innovation<\/strong><\/div>\n<div><a class=\"text-dark\" href=\"https:\/\/siit.ca\/indigenous-innovation-accelerator\/\" target=\"_blank\" rel=\"noopener\">Saskatchewan Indian Institute of Technologies (SIIT)<\/a><\/div>\n<\/div>\n<\/div>\n<div class=\"fit-content text-center\">\n<p><img decoding=\"async\" class=\"rounded-circle speaker mb-4\" src=\"https:\/\/events.collegesinstitutes.ca\/NIES2025\/wp-content\/themes\/cican-events\/img\/icon-moretocome.png\" \/><\/p>\n<h3 class=\"fs-5 border-bottom pb-2 mb-2\"><a href=\"https:\/\/events.collegesinstitutes.ca\/NIES2025\/conference-speakers\/jennifer-taback\/?lang=fr\">Jennifer Taback<\/a><\/h3>\n<div class=\"small\">\n<div><strong>co-PDG de la firme Design de Plume<\/strong><\/div>\n<div>pr\u00e9sidente du Conseil d\u2019administration du Cambrian College<\/div>\n<\/div>\n<\/div>\n<div class=\"fit-content text-center\">\n<p><img decoding=\"async\" class=\"rounded-circle speaker mb-4\" src=\"https:\/\/events.collegesinstitutes.ca\/NIES2025\/wp-content\/themes\/cican-events\/img\/icon-moretocome.png\" \/><\/p>\n<h3 class=\"fs-5 border-bottom pb-2 mb-2\"><a href=\"https:\/\/events.collegesinstitutes.ca\/NIES2025\/conference-speakers\/lora-tisi\/?lang=fr\">Lora Tisi<\/a><\/h3>\n<div class=\"small\">\n<div><strong>pr\u00e9sidente du Conseil d\u2019administration du Niagara College<\/strong><\/div>\n<div>ancienne pr\u00e9sidente de la marque RW&amp;CO chez Reitmans Canada Limited et pr\u00e9sidente du Indigenous Advanced Education &amp; Skills Council<\/div>\n<\/div>\n<\/div>\n<\/div>\n<\/div>\n<h2 class=\"mb-5\">Table ronde principale<\/h2>\n<div id=\"lens-on-ai\" class=\"row boxit2 p-5\">\n<div class=\"col-6 col-lg-4 text-center\"><img loading=\"lazy\" decoding=\"async\" class=\"alignnone size-medium wp-image-955\" src=\"https:\/\/events.collegesinstitutes.ca\/NIES2025\/wp-content\/uploads\/sites\/11\/2024\/09\/2024-IES-icon-moretocome.png\" alt=\"\" width=\"300\" height=\"300\" \/><\/div>\n<div class=\"col-12 col-lg-8 align-content-center\">\n<h3 class=\"mb-0\" style=\"color: #fb4d43;\"><b>Une perspective autochtone sur l\u2019IA<\/b><\/h3>\n<h3>Transformer l\u2019avenir de l\u2019\u00e9ducation, de la communication et du partage des connaissances<\/h3>\n<div class=\"keynote-description\">\n<p>L\u2019intelligence artificielle (IA) transforme l\u2019avenir de l\u2019\u00e9ducation, de la communication et du partage des connaissances. Ce panel r\u00e9unira des sp\u00e9cialistes de l\u2019IA afin d\u2019examiner les possibilit\u00e9s et les d\u00e9fis qu\u2019elle pr\u00e9sente \u00e0 travers une perspective autochtone. La discussion portera sur l\u2019inclusion, l\u2019exactitude culturelle et l\u2019accessibilit\u00e9 pour celles et ceux qui commencent \u00e0 se familiariser avec cette technologie en constante \u00e9volution.<\/p>\n<p>Les pan\u00e9listes partageront leurs r\u00e9flexions sur la fa\u00e7on dont l\u2019IA peut soit renforcer, soit d\u00e9construire les biais, sur l\u2019importance de repr\u00e9senter les savoirs autochtones avec int\u00e9grit\u00e9, et sur la mani\u00e8re dont les enseignants, les apprenants et les communaut\u00e9s peuvent aborder l\u2019IA comme un outil d\u2019autonomisation.<\/p>\n<p>Que vous d\u00e9couvriez l\u2019IA ou souhaitiez approfondir votre compr\u00e9hension, cette conversation offrira une porte d\u2019entr\u00e9e sur la mani\u00e8re dont les valeurs et les perspectives autochtones peuvent orienter l\u2019innovation vers une approche \u00e9thique et inclusive.<\/p>\n<\/div>\n<\/div>\n<\/div>\n<h2 class=\"mb-5\">Intervenants<\/h2>\n<div class=\"pb-5\">\n<div id=\"speakers\" class=\"row-cols-md-3 justify-content-center\">\n<div class=\"fit-content text-center\">\n<p><a href=\"https:\/\/events.collegesinstitutes.ca\/NIES2025\/conference-speakers\/carol-anne-hilton\/?lang=fr\"><img loading=\"lazy\" decoding=\"async\" class=\"rounded-circle speaker mb-4 alignnone wp-image-991\" src=\"https:\/\/events.collegesinstitutes.ca\/NIES2025\/wp-content\/uploads\/sites\/11\/2025\/10\/Carol-Anne-Hilton-300x300.png\" alt=\"Carol Anne Hilton\" width=\"200\" height=\"200\" srcset=\"https:\/\/events.collegesinstitutes.ca\/NIES2025\/wp-content\/uploads\/sites\/11\/2025\/10\/Carol-Anne-Hilton-300x300.png 300w, https:\/\/events.collegesinstitutes.ca\/NIES2025\/wp-content\/uploads\/sites\/11\/2025\/10\/Carol-Anne-Hilton-150x150.png 150w, https:\/\/events.collegesinstitutes.ca\/NIES2025\/wp-content\/uploads\/sites\/11\/2025\/10\/Carol-Anne-Hilton.png 500w\" sizes=\"auto, (max-width: 200px) 100vw, 200px\" \/><\/a><\/p>\n<h3 class=\"fs-5 border-bottom pb-2 mb-2\"><a href=\"https:\/\/events.collegesinstitutes.ca\/NIES2025\/conference-speakers\/carol-anne-hilton\/?lang=fr\">Carol Anne Hilton<\/a><\/h3>\n<div class=\"small\">\n<div><strong>fondatrice et PDG<\/strong><\/div>\n<div>Indigenomics<\/div>\n<\/div>\n<\/div>\n<div class=\"fit-content text-center\">\n<p><a href=\"https:\/\/events.collegesinstitutes.ca\/NIES2025\/conference-speakers\/dr-jennifer-wemigwans\/?lang=fr\"><img loading=\"lazy\" decoding=\"async\" class=\"rounded-circle speaker mb-4\" src=\"https:\/\/events.collegesinstitutes.ca\/NIES2025\/wp-content\/uploads\/sites\/11\/2025\/10\/Dr.-Jennifer-Wemigwans.png\" width=\"200\" height=\"200\" \/><\/a><\/p>\n<h3 class=\"fs-5 border-bottom pb-2 mb-2\"><a href=\"https:\/\/events.collegesinstitutes.ca\/NIES2025\/conference-speakers\/dr-jennifer-wemigwans\/?lang=fr\">Dr. Jennifer Wemigwans<\/a><\/h3>\n<div class=\"small\">\n<div><strong>professeure adjointe au D\u00e9partement de leadership<\/strong><\/div>\n<div>d&#8217;\u00e9ducation sup\u00e9rieure et d&#8217;\u00e9ducation des adultes de l\u2019Ontario Institute for Studies in Education, Universit\u00e9 de Toronto<\/div>\n<\/div>\n<\/div>\n<div class=\"fit-content text-center\">\n<p><a href=\"https:\/\/events.collegesinstitutes.ca\/NIES2025\/conference-speakers\/robert-luke\/?lang=fr\"><img loading=\"lazy\" decoding=\"async\" class=\"rounded-circle speaker mb-4\" src=\"https:\/\/events.collegesinstitutes.ca\/NIES2025\/wp-content\/uploads\/sites\/11\/2025\/10\/Robert-Luke.png\" width=\"200\" height=\"200\" \/><\/a><\/p>\n<h3 class=\"fs-5 border-bottom pb-2 mb-2\"><a href=\"https:\/\/events.collegesinstitutes.ca\/NIES2025\/conference-speakers\/robert-luke\/?lang=fr\">Robert Luke<\/a><\/h3>\n<div class=\"small\">\n<div><strong>directeur g\u00e9n\u00e9ral<\/strong><\/div>\n<div>eCampusOntario<\/div>\n<\/div>\n<\/div>\n<\/div>\n<\/div>\n<\/section>\n","protected":false},"excerpt":{"rendered":"<p>Conf\u00e9rencier principal Michael Fox Pr\u00e9sident-directeur g\u00e9n\u00e9ral, Indigenous &amp; Community Engagement Originaire de la Premi\u00e8re Nation de Weenusk, Michael explorera les obstacles syst\u00e9miques, les in\u00e9galit\u00e9s de financement et les besoins en infrastructures qui ont un impact sur la prestation de l\u2019\u00e9ducation des adultes dans les Premi\u00e8res Nations rurales et \u00e9loign\u00e9es de l\u2019Ontario. Il invitera ainsi les [&hellip;]<\/p>\n","protected":false},"author":1,"featured_media":0,"parent":0,"menu_order":0,"comment_status":"closed","ping_status":"closed","template":"page-speakers.php","meta":{"_acf_changed":false,"footnotes":""},"class_list":["post-550","page","type-page","status-publish","hentry"],"acf":[],"_links":{"self":[{"href":"https:\/\/events.collegesinstitutes.ca\/NIES2025\/wp-json\/wp\/v2\/pages\/550","targetHints":{"allow":["GET"]}}],"collection":[{"href":"https:\/\/events.collegesinstitutes.ca\/NIES2025\/wp-json\/wp\/v2\/pages"}],"about":[{"href":"https:\/\/events.collegesinstitutes.ca\/NIES2025\/wp-json\/wp\/v2\/types\/page"}],"author":[{"embeddable":true,"href":"https:\/\/events.collegesinstitutes.ca\/NIES2025\/wp-json\/wp\/v2\/users\/1"}],"replies":[{"embeddable":true,"href":"https:\/\/events.collegesinstitutes.ca\/NIES2025\/wp-json\/wp\/v2\/comments?post=550"}],"version-history":[{"count":0,"href":"https:\/\/events.collegesinstitutes.ca\/NIES2025\/wp-json\/wp\/v2\/pages\/550\/revisions"}],"wp:attachment":[{"href":"https:\/\/events.collegesinstitutes.ca\/NIES2025\/wp-json\/wp\/v2\/media?parent=550"}],"curies":[{"name":"wp","href":"https:\/\/api.w.org\/{rel}","templated":true}]}}